1*b + 5. Let j be v(t). Calculate the greatest common factor of 65 and j.
13
Suppose -4*z = 23 - 59. Suppose 4*c = 4*q + 34 + 82, c + 4*q - 19 = 0. Calculate the greatest common divisor of z and c.
9
Let h(t) = -t**3 + 5*t + 2. Let z be h(-3). Let x be 788/z + 2/(-7). Let n be 58/4 - 5/10. What is the greatest common factor of x and n?
14
Let j be ((-18)/(-8))/((-1)/(-8)). Calculate the greatest common factor of j and 45.
9
Suppose 5*y - 37 = 243. Let n = y + -28. What is the highest common factor of n and 4?
4
Let n = 465 - 255. Calculate the greatest common divisor of n and 21.
21
Let j be 6*5 + 1/(-1). Suppose 2*t = 13 + j. Let l be (-6)/t - 90/(-21). Calculate the greatest common divisor of 44 and l.
4
Let l(g) = -8*g - 13. Let n be l(-3). Calculate the highest common divisor of n and 44.
11
Suppose 2*a = -0*a + 10. Let r(k) = -k**3 - k**2 - k + 45. Let j be r(0). Calculate the greatest common factor of j and a.
5
Suppose c - 4*i + 7 = -2*i, 0 = 2*i - 10. Suppose 16 = 2*w + 4. Suppose -w*d = -3*d - 3. Calculate the highest common factor of d and c.
1
Suppose 3*p + p + 16 = 0, 19 = 3*l + 2*p. What is the highest common divisor of 18 and l?
9
Let f(l) = -17*l - 3. Let q be f(-3). Let i = -27 + q. Suppose 4*r - i = -3*n, -n - n + 2*r = -14. What is the greatest common divisor of 35 and n?
7
Let c(q) = -12*q + 12. Let m be c(-3). Calculate the greatest common factor of 16 and m.
16
Let s = -61 - -204. Suppose -3*o - 9 = 0, k - 6*k + 19 = -3*o. Suppose v + a = -k*a + 19, 47 = 3*v + 4*a. What is the highest common factor of s and v?
13
Let x = -29 - -65. What is the greatest common divisor of x and 2?
2
Suppose 4*s + s = 15. Let m = 7 - s. Suppose 3*g = 5*i + 54, -2*g + m*i + 25 = -13. What is the greatest common factor of g and 13?
13
Let z be 6/10 - 66/(-15). Suppose -4*t + 7 = -3*u, -t - z*u - 4 = -0*t. What is the greatest common factor of t and 5?
1
Suppose -17 - 4 = -2*z - 5*f, 2*z + 4*f = 18. Suppose -2*b + z = -b, 4*b - 204 = -3*c. Suppose 5*r = r + c. What is the highest common factor of r and 2?
2
Let x = -15 + 27. Let n = x + -9. Suppose 3 = 3*k - 2*a, 4*a = 3*k - a + 6. Calculate the highest common divisor of k and n.
3
Let r be (-1)/((-51)/24 - -2). Let w = -3 + r. What is the highest common factor of w and 25?
5
Let l = 143 + -77. Calculate the highest common divisor of 22 and l.
22
Let l = 20 + 57. Calculate the highest common divisor of l and 7.
7
Suppose 4*q - 2*q = 234. Calculate the greatest common divisor of q and 13.
13
Let s = -67 - -73. Let t be 3/(-15) - (-91)/5. Calculate the highest common factor of t and s.
6
Let l be (18/4)/(3/16). Suppose 3*y = 1 + 8, 3*f + 3*y - l = 0. Suppose f*d = 3*g + 119, g - 57 = -3*d - 2*g. Calculate the greatest common factor of 2 and d.
2
Let a = -3 - -7. Suppose 1023 = 4*q + d, -2*q + a*d = 215 - 731. Calculate the greatest common factor of q and 32.
32
Suppose -4 = -i - o, i + 5*o + 36 = 4*i. Calculate the greatest common factor of i and 14.
7
Let f be 2/8 + 141/12. Let x be (-7 + 1)*21/(-6). Suppose x + 19 = 5*b. What is the greatest common divisor of b and f?
4
Suppose 0 = -0*p + 3*p - 48. Let o(d) = -43*d - 3. Let f be o(-1). Calculate the greatest common factor of f and p.
8
Suppose -z + 4*z + 4*j = 13, 0 = -5*z - 3*j + 7. Let k be (-1 + 2)*z - -1. Suppose k = -0*y - 3*y + 72. What is the greatest common divisor of y and 3?
3
Let h = -47 - -64. Calculate the greatest common divisor of 119 and h.
17
Let u be 54 + -4*(3 - 26/8). Calculate the greatest common divisor of 11 and u.
11
Let g(s) = s**3 - 11*s**2 + 7*s + 14. Let z be g(10). Let b = 77 + -55. Let m = z + b. Calculate the highest common factor of m and 30.
6
Suppose 2*u = -6 + 10. Suppose -4 = -i, -4*c - 3*i + 20 = u*i. Suppose 3*t - 9 + 0 = c. What is the greatest common factor of t and 21?
3
Let t be (-721)/(-35) - (6/(-15) - 0). Suppose 0 = -4*w + q + 927, 360 = -3*w - q + 1050. Calculate the greatest common divisor of w and t.
21
Let w be 66/18 + (-2)/(-6). Suppose 5*x = -w*j + j + 44, 56 = 5*x - 3*j. Let q be 0 - ((-90 - -2) + -2). Calculate the greatest common factor of q and x.
10
Let c be 172/(-8) + (-2)/(-4). Let v be (-7)/c - (-502)/6. Suppose -5*a + 30 = -30. Calculate the greatest common divisor of v and a.
12
Suppose 3*i - 262 - 79 = -2*s, -4*i + 168 = s. Calculate the greatest common factor of 43 and s.
43
Suppose 20 = 4*o, -5*y - o + 58 = -12. Calculate the greatest common divisor of 247 and y.
13
Let b = -142 - -144. Let r be (-1 + 0)/(2/(-4)). Suppose -6 = r*x - 14. What is the highest common divisor of x and b?
2
Let v be 2/(-5) + 684/60. Let o(m) = 23*m**3 - m. Let a be o(1). Calculate the highest common divisor of v and a.
11
Suppose 48 = z - 4. Calculate the highest common factor of 78 and z.
26
Suppose -28 = 3*b + 5*r - r, 0 = 5*b - 4*r + 4. Let v = b - -46. Calculate the highest common factor of v and 63.
21
Let v(k) = -k**2 - 11*k - 6. Let a be v(-4). Let d = 7 + -4. Suppose 8 = 2*c - 5*m, a - 76 = -3*c - d*m. Calculate the highest common factor of 70 and c.
14
Let t be -50 + -2 - (2 - 3). Let z = t + 100. Let x = -4 + 11. Calculate the greatest common factor of x and z.
7
Let h(k) = -k**3 + 10*k**2 + 13*k - 13. Let n be h(11). Let j(q) = -q + 3. Let w be j(-3). What is the highest common divisor of w and n?
3
Suppose -5*u + 44 = 4*w, -3*w + 1 = -4*u - 1. Let o be (-264)/10*(-20)/w. Calculate the greatest common divisor of o and 11.
11
Let i(v) = v**3 + 3*v**2 - 4*v - 3. Let a be i(-4). Let s = 15 + a. Suppose -14 - s = -w. What is the greatest common factor of w and 65?
13
Let a be (-6)/4*12/(-9). Let v be a - 4*-11 - 2. Calculate the greatest common factor of v and 4.
4
Let o(q) = 13*q. Let k be o(7). Let d = 227 - k. Suppose -376 = -4*m + d. What is the greatest common divisor of 16 and m?
16
Let a be ((-21)/2)/(24/(-32)). Suppose -4*k - 2*s = s - 38, 2*k - s = a. Suppose -6*i + 3*i + 3 = 0. Calculate the highest common factor of i and k.
1
Suppose 0 = -3*u + 5*s + 46, 5*u + s + 3*s - 15 = 0. Suppose -4 = f - 1. Let v be 3*(2/f - -1). Calculate the highest common factor of v and u.
1
Let x be 1 - -1 - 1*-2. Let n be x/10 + 713/5. Suppose 0 = 5*f - 0*f - 65. Calculate the greatest common factor of n and f.
13
Let m be (-21)/2*288/(-27). What is the greatest common divisor of m and 7?
7
Suppose -3*y = -7*y - 300. Let s be (y/(-2))/((-2)/(-4)). Calculate the greatest common factor of 15 and s.
15
Suppose 5*q + 320 = 3*j, 0 = -5*j + 3*j + 4*q + 210. What is the greatest common factor of j and 23?
23
Suppose -2*r - r + 9 = 0. Suppose -4*v - 4*m + 48 = 0, 4*v - 54 = -2*m - 0*m. Calculate the greatest common divisor of v and r.
3
Let f be 4/(-2)*(-3 + 4). Let q be (20/8)/((-1)/f). Suppose 0*i - 35 = -q*i. What is the highest common factor of i and 7?
7
Suppose -116 - 514 = -5*f. Calculate the highest common divisor of f and 14.
14
Suppose 0 = 2*f - f - 28. Calculate the greatest common factor of f and 4.
4
Suppose 3*z = 5 - 23. Let m(g) = g**3 + 8*g**2 + 4*g. Let a be m(z). What is the greatest common divisor of 12 and a?
12
Let k be 1 + (8/(-6) + 3)*-3. Let d be 2 + (1 - (1 - -2)). Let l be (d + (-2)/k)*30. What is the greatest common factor of 165 and l?
15
Suppose 0 = 2*o + 3*d - 73, 0*o - 169 = -5*o - 3*d. What is the greatest common factor of o and 48?
16
Suppose 0*b + 30 = 2*b. Let g be 45*((-2)/(-6) + 0). Calculate the highest common divisor of b and g.
15
Suppose -6*o + 12*o - 768 = 0. Suppose 0 = h + 2*h - 48. What is the highest common divisor of o and h?
16
Suppose -g + 2*g - 2 = 0. Suppose -h + 4 - g = 0. What is the highest common factor of h and 4?
2
Suppose 3*j - 2*l = -4*l + 56, 2*j + 5*l = 30. Calculate the greatest common factor of j and 8.
4
Suppose 8 = -5*c + 23. What is the highest common factor of c and 24?
3
Let i(p) = -p**3 - 21*p**2 - 20*p + 41. Let t be i(-20). Calculate the greatest common factor of t and 41.
41
Let f(n) = 3*n - 15. Let s be f(7). Let r = 0 + s. What is the greatest common factor of 6 and r?
6
Let y be 1/(-1) - (0 - 3). Suppose -2088 = -4*d - 0*d. Let p be 2/11 - d/(-33). Calculate the greatest common divisor of y and p.
2
Let h be 2 - 0 - (7 - -2). Let u(l) = -8*l - 3*l**2 - l**3 - 4*l**2 + 236 - 232. Let j be u(h). Calculate the highest common divisor of j a